*p. Let s(a) = -5 + p + a - 1 + a. Give s(-5).
-16
Suppose -j - 2*n = -14, 4*j - 44 = -5*n - 0*n. Suppose 4*d - j*d = 28. Let y(p) = p + 17. Determine y(d).
3
Let g be (-9)/(-2)*2 + 0. Let b(d) = 34 + 37 + d - 104 + 32. Let i(k) = -k + 1. Let s(p) = 3*b(p) + 4*i(p). Calculate s(g).
-8
Let a be 2/(1*2/(-32)). Let f = -173 - -139. Let i = f - a. Let d(h) = -2*h**2 - 2*h + 1. Determine d(i).
-3
Let u = 2683 + -2685. Let g(x) = -14*x**2 - 14*x - 6. Let m(k) = 5*k**2 + 5*k + 2. Let r(p) = 6*g(p) + 17*m(p). Determine r(u).
0
Let f(w) = 74*w**2 + 32*w + 3. Let x(t) = 26*t**2 + 11*t + 1. Let s(k) = 6*f(k) - 17*x(k). Let j(o) = -2*o**2 + 5*o - 2. Let c be j(3). Give s(c).
26
Let b(n) = -n**3 + 4*n**2 + 8*n - 2. Let t = 547 + -549. Let d be b(t). Let u(c) = -c**2 + 6*c + 13. Give u(d).
13
Let i(c) = -7*c**2 + c. Let b(x) = x**2. Let w(l) = b(l) - i(l). Let v(a) = 2*a**2 + 5*a - 3. Let y be v(-5). Let j = -21 + y. Determine w(j).
7
Suppose -1 = -25*a + 11 + 63. Let v(d) be the second derivative of -d**4/4 + d**3/3 - d**2 + d. Calculate v(a).
-23
Let n(x) = 4*x**3 + x**2 - 2*x + 1. Let a(q) = -17*q**3 - 8*q**2 + 11*q - 61. Let i(t) = -a(t) - 4*n(t). Determine i(-6).
3
Let k(l) be the second derivative of l**3/3 - 20*l**2 - 398*l. Determine k(-6).
-52
Let u(m) = 12*m. Let y(p) = p**2 - 14*p + 4. Let f be y(14). Suppose j - f*k - 13 = 6*j, -6 = 4*j + k. What is u(j)?
-12
Let p be (-2)/((-35)/(-25) - 1). Let z(n) = -4*n**3 + 4*n**2 + 6*n + 3. Let s(k) = 3*k**3 - 3*k**2 - 5*k - 4. Let w(h) = p*s(h) - 4*z(h). Calculate w(0).
8
Let l(m) be the second derivative of -m**5/120 + 23*m**4/24 + m**3/3 + 13*m**2/2 + 110*m. Let z(o) be the second derivative of l(o). Determine z(22).
1
Let r(p) = -11*p - 9. Let m be r(-1). Let g(t) = -m + t - 12 + 6 + 5. Give g(7).
4
Suppose -2 = 5*j + 3. Let n(i) = -764737 - 2*i - i + 764738. Calculate n(j).
4
Let m(s) = -s - 1. Suppose 11 = -5*n + 6. Let q be (-3)/2 + (-5)/(-20)*-10. Let v(u) = -2*u**2 + u + 1. Let o(x) = n*v(x) + q*m(x). Determine o(-3).
12
Let j(c) be the third derivative of -c**5/60 - c**4/4 - 5*c**3/3 - 1429*c**2. Give j(-4).
-2
Let f(r) = 13*r**2 + 6*r - 8. Let v be (-31)/(-62) - (-39)/26. Give f(v).
56
Let n(r) = 7*r**2 + 7*r + 9. Let b(c) = -13*c**2 - 14*c - 17. Let g(l) = -6*b(l) - 11*n(l). Suppose 0 = -57*v + 48*v - 45. What is g(v)?
-7
Let a(g) = 25*g**2 - 10*g - 15. Let j be a(-2). Let k = j - 104. Let z(n) = 21*n. Determine z(k).
21
Let u(x) = -2 + x**3 + 7*x**2 - 1 + 8*x + 1 - 1. Let d(r) = -r**2 + 22*r + 17. Let c = -54 + 77. Let l be d(c). Determine u(l).
-15
Let p(a) be the second derivative of -a**4/6 - 8*a**3/3 - 21*a**2/2 + a + 1464. Determine p(-10).
-61
Let i(v) = v**2 - 35*v + 176. Let l be i(6). Let a(b) = 4*b - 18. Let c be a(5). Let s(h) = -19 - c*h + 21 - h**3 + h**2 + 0*h. What is s(l)?
-6
Suppose 43*p + 5*w = 45*p - 9, 3*w = 4*p - 53. Let h(f) = -296*f + 1 + f**2 - 1 + 279*f - 3. Give h(p).
-3
Let i(d) = -2 + 11 - 23*d - 30*d + 55*d + 0. Determine i(9).
27
Let p(f) = 15*f**2 + 25*f + 17. Let u(g) = -6*g**2 - 8*g - 6. Let y(t) = 3*p(t) + 8*u(t). Give y(4).
-1
Suppose -r - 4 = -2*r. Suppose -15 = 4*z + 5*p - r*p, -3*z - 18 = 3*p. Let o(k) be the first derivative of -k**3/3 + k**2/2 + k + 2431. Give o(z).
-11
Let y = -5722 - -5729. Let n(a) = -a - 4. Determine n(y).
-11
Let r = 145 - 141. Suppose -r*a - 1 = 4*p + 3, 0 = -2*a - 3*p - 6. Let v(u) = u**3 - 3*u**2 - 2*u + 3. Determine v(a).
-3
Suppose 35*j + 108 = 108. Let a(w) = w**2 - 5*w - 23. Calculate a(j).
-23
Suppose z - 15 = a, 4*z - 7*a + 12*a - 33 = 0. Let t(i) = 43 + 4*i - z - 30. Determine t(4).
17
Let g(r) be the first derivative of -r + 1/4*r**4 + 1/2*r**2 - 1 + 1/3*r**3. Suppose 2*n + 52 = -6*i, -4*n - 35*i + 31 = -38*i. Calculate g(n).
2
Let y(i) = 133 - 57 + 2*i - 23*i + 54 - 6*i. What is y(5)?
-5
Let l(c) = 2*c**3 + 108*c**2 + c + 50. Suppose -2*i - 88 = -5*v, 4*v + 196 = -4*i + 9*v. Determine l(i).
-4
Let c(i) = -16*i**2 + 4*i + 12*i**2 - 16*i + 5*i**2 - 28. Give c(13).
-15
Let g(o) be the second derivative of -o**4/12 + 4*o**3/3 - 2*o**2 + 5*o. Suppose 3*z - 45 = 4*h, 5*z - 5*h + 168 = 233. What is g(z)?
3
Let r(b) = -13*b + 9. Let z be r(0). Let g(a) = -162*a - 163*a + 326*a - 6. Give g(z).
3
Suppose -5*y + 12 = -2*y + 3*q, 3*y - 4*q = -16. Let i = 2 - y. Let b(x) be the first derivative of -x**3/3 - x**2 + x + 143941. What is b(i)?
-7
Let q be ((-3364)/(-5046))/(((-4)/39)/2). Let o(h) = -10*h + 4. Give o(q).
134
Let b be (63/(-15) - -3)/(4/(-20)). Let u(v) be the third derivative of v**2 + 0 + 0*v + 1/3*v**3 + 1/24*v**4. Determine u(b).
8
Suppose a - a + 50*a = -150. Let z(k) = k**3 - k**2 - 5*k - 4. Determine z(a).
-25
Let z(g) be the first derivative of 0*g - 25 - 1/12*g**4 + 2/3*g**3 + 1/60*g**5 - 3/2*g**2. Let q(b) be the second derivative of z(b). Give q(6).
28
Suppose -o + 42 = 2*o. Let t(q) be the second derivative of -q**5/20 + 13*q**4/12 + 5*q**3/2 - 7*q**2 - 2461*q. Calculate t(o).
0
Suppose 39 = -5*z - y, -z + 10 = -2*z + 2*y. Let c(d) = 2*d**2 + 8*d + 4. Let a be c(z). Let t = a - 73. Let q(i) = i + 6. Give q(t).
1
Let n be 3 + -11 + 3 + (12 - 3). Let p(u) = 2*u - 790*u**3 - u - n*u**2 + 5 + 789*u**3 - 1. Calculate p(-4).
0
Let x(a) = 25*a + 62784 - 25*a**2 + a**3 - 62785 + a**2. Calculate x(23).
45
Suppose -4 - 1 = -m - x, 4*m - 20 = 2*x. Let k(u) be the third derivative of u**4/12 + u**3/2 - 10*u**2 - 6. Determine k(m).
13
Let t(r) be the first derivative of r**3/3 + r**2 + 182*r - 184. Calculate t(0).
182
Let v(l) = -21*l - 18. Let r(k) = -111*k - 97. Let h(m) = 2*r(m) - 11*v(m). Determine h(3).
31
Let s = 33 + -33. Let w(n) be the first derivative of -1/2*n**2 - 12*n - 49. Determine w(s).
-12
Let p(k) = -235*k - 2576. Let t be p(-11). Let q(m) = m**3 - 9*m**2 + 10. What is q(t)?
10
Let s = -36 + 46. Let h = s - 7. Suppose h*j = 5*p - 8, -3*j + p = 5 + 11. Let i(k) = -k - 5. Determine i(j).
1
Let f(u) = -u**3 - 3*u**2 + 5. Let n be ((-1)/3)/((-38)/(-71706)). Let g = 626 + n. Determine f(g).
5
Let b be (-8)/(-4 + (-56)/(-21)). Suppose 3*p = -3*d + b, 4*p - 2 + 0 = -d. Let v(a) = a**2 + a - 17. What is v(p)?
-17
Let v be (-1)/3*-1 - (-35)/3. Suppose 4*z - 8*z + v = 0. Let d(w) = z*w - 3*w - 2*w + 1 - 5*w**2 + 0*w. Give d(1).
-6
Let l(z) = z**2 + 6*z - 2. Let y(j) = 10*j**2 + 12*j - 16*j**2 + j**2 + 4*j**2 - 1. Let i be y(7). Suppose 10 - i = 4*f. Determine l(f).
-2
Suppose -3*s - 3*m - 6 = 0, -m - 4 = -5*m. Let b(c) = -c**3 - 4*c**2 - 2*c + 4. Give b(s).
1
Let c(f) = 4*f + 2. Let y be 36/27 - (-42)/9. Let p(t) = 9*t + 5. Let g(v) = y*p(v) - 14*c(v). Let h be (-36)/(-8) + 3/(-6). Give g(h).
-6
Suppose -12 = 13*q - q. Let h(s) = 129*s**2 - 2 + 2 - 127*s**2 - s. Determine h(q).
3
Let l(w) = -3*w**2 - 80*w + 35. Let f = 13559 + -13586. What is l(f)?
8
Let d be 1/(5 - 4 - (-6)/(-12)). Let g(n) = d + 0 - 2 + 3 - 5 + n. Calculate g(-2).
-4
Suppose -z + 7*n - 2*n = 9, -5*z - 3*n + 95 = 0. Suppose -106 = z*q - 10. Let l(u) = u**3 + 6*u**2 + 5. Calculate l(q).
5
Suppose -3*v - 3*d + 21 = -0, 3*v + 5*d = 25. Suppose 0*g = 2*g + 2*m - 4, -v*m - 39 = -2*g. Let r(n) = n**3 - 7*n**2 + 3*n - 10. Determine r(g).
11
Let v(k) be the third derivative of k**5/60 - k**4/24 - 2*k**3 + 5*k**2 + 13. Suppose 0*u = 5*u - 15. Let y be u + 2/4*-6. What is v(y)?
-12
Let a(j) = j**3 - 11*j**2 + 2*j - 8. Let g(z) = -2*z**2 + 14*z + 36. Let i be g(9). Suppose -5*c + 4*c + 11 = i. Calculate a(c).
14
Let b(q) be the third derivative of -q**6/120 + q**5/10 - 5*q**4/12 + q**3/2 + 505*q**2. What is b(3)?
0
Let p(t) be the third derivative of 19/6*t**3 + 0 + 0*t + 74*t**2 - 1/24*t**4. What is p(0)?
19
Let b be (9 + (10 + -19 - -3))*16/6. Let a(o) = o**3 - 8*o**2 - 2*o + 22. Give a(b).
6
Let s(o) = -3739 + 2*o + 3*o + 3697. What is s(14)?
28
Let g be ((-2)/5)/(3/(-15)). Let b be (1/g)/(4/192). Let u = b - 25. Let f(q) = -5*q**2 + q + 1. Calculate f(u).
-5
Let y(k) be the first derivative of k**2/2 + 10*k - 1218. Calculate y(-7).
3
Let o = 5660 + -5648. Let k(c) = -c**2 + 6*c + 20. Give k(o).
-52
Let v(w) be the third derivative of 5/24*w**4 + 2 + 1/6*w**3 - 2*w**2 + 0*w. Calculate v(1).
6
Let t(c) = -4*c - 13. Let q(y) = y**2 + 42*y - 43. Let r = -368 - -325. Let o be q(r). Calculate t(o).
-13
Let r(h) = 2*h - 2. Suppose -48*t = -45*t + 495. Let n